{"id":715,"date":"2021-06-10T14:59:34","date_gmt":"2021-06-10T12:59:34","guid":{"rendered":"https:\/\/www.fe.infn.it\/pls_scienzedellaterra\/?page_id=715"},"modified":"2021-07-15T15:58:55","modified_gmt":"2021-07-15T13:58:55","slug":"nuova-pagina-in-creazione-iniziative-pls-geoscienze","status":"publish","type":"page","link":"https:\/\/www.fe.infn.it\/pls_scienzedellaterra\/?page_id=715","title":{"rendered":"Iniziative PLS 2021"},"content":{"rendered":"\n<p>Le attivit\u00e0 previste nell\u2019ambito del progetto PLS Geoscienze 2021 consistono nella divulgazione delle Scienze della Terra e dei suoi scienziati al mondo della scuola, principalmente attraverso azioni pubblicitarie su piattaforme digitali quali Facebook ed Instagram sulle quali vengono periodicamente pubblicati seminari tenuti da docenti del corso di studi in Scienze Geologiche, interviste a figure rilevanti nel mondo della Geologia ed interviste a neolaureati LT in Scienze Geologiche ed LM in Scienze Geologiche, Georisorse e Territorio. Tra le attivit\u00e0 previste nell\u2019ambito del progetto PLS Geoscienze 2021, come per i precedenti anni saranno svolti <strong>seminari<\/strong>&nbsp;per gli insegnanti,&nbsp;<strong>escursioni didattiche\u201csul campo\u201d<\/strong>,&nbsp;<strong>laboratori&nbsp;<\/strong>e&nbsp;<strong>minicorsi<\/strong>&nbsp;di Matematica-Fisica rivolti agli Studenti del I e II anno del Corso di Laurea ed agli Studenti e Docenti delle Scuole Secondarie di II grado.<\/p>\n\n\n\n<hr class=\"wp-block-separator\"\/>\n\n\n\n<h2 class=\"wp-block-heading\"><strong>Consegna Kit del Geologo 2021<\/strong><\/h2>\n\n\n\n<p>Seconda edizione della consegna del <strong>Kit del Geologo<\/strong>! La consegna dei&nbsp;<strong>Kit del Geologo<\/strong> \u00e8 un&#8217; iniziativa realizzata grazie al progetto PLS Geoscienze 2021 ed \u00e8 rivolta agli studenti meritevoli del II anno di corso. Gli studenti iscritti al II anno di corso nel 2020\/21 che soddisfano i seguenti requisiti: \u2013 iscrizione nel 2020\/21 al II anno di corso, \u2013 iscrizione nel 2019\/20 al I anno del corso di studio in Scienze Geologiche per la prima volta&nbsp;e in qualit\u00e0 di studente in corso, \u2013 aver assolto l\u2019ofa e aver sostenuto, alla data del 5 dicembre, almeno due esami di settore GEO previsti dal corso di studio. La consegna dei <strong>Kit del Geologo<\/strong> \u00e8 avvenuta da parte del&nbsp;<strong>Prof. Piero Gianolla, <\/strong>Coordinatore del Corso di Studi in Scienze Geologiche.<\/p>\n\n\n\n<p>L\u2019iniziativa di assegnazione del Kit del geologo&nbsp;<strong>\u00e8 stata possibile grazie ai contributi del progetto PLS di Geologia<\/strong><\/p>\n\n\n\n<div class=\"wp-block-image\"><figure class=\"aligncenter size-large is-resized\"><img loading=\"lazy\" decoding=\"async\" src=\"http:\/\/www.fe.infn.it\/pls_scienzedellaterra\/wp-content\/uploads\/2021\/06\/kit-geologo-e1622542212422.jpg\" alt=\"\" class=\"wp-image-716\" width=\"837\" height=\"379\"\/><\/figure><\/div>\n\n\n\n<hr class=\"wp-block-separator\"\/>\n\n\n\n<h2 class=\"wp-block-heading\"><strong>Pagina Facebook: Scienze Geologiche &#8211; Unife<\/strong> <\/h2>\n\n\n\n<p>Tra gli obbiettivi preposti nel Progetto Lauree Scientifiche vi \u00e8 quello di diffondere tra i giovani studenti delle scuole superiori le Scienze della Terra e tutti i suoi affascinanti aspetti, cercando di far conoscere non solo il ruolo del Geologo di oggi, ma soprattutto quello di domani attraverso la divulgazione delle attivit\u00e0 che si svolgono presso il Corso di Scienze Geologiche dell\u2019Universit\u00e0 di Ferrara. Riteniamo che per parlare efficacemente con i ragazzi delle scuole superiori sia necessario utilizzare il loro linguaggio che \u00e8 fatto anche di social media come Facebook. Abbiamo quindi deciso di creare la pagina Facebook Scienze Geologiche &#8211; Unife, per definire un solido punto di riferimento, che parli soprattutto di Scienze della Terra, collegabile con il mondo esterno. Sulla pagina Facebook vengono pubblicate videointerviste, realizzate dai nostri tutor studenti del Corso di Laurea in Scienze Geologiche, fatte a personaggi \u201cfamosi\u201d nel settore delle Scienze Geologiche,  video per promuovere i diversi programmi di orientamento interni come le dirette della rubrica &#8220;GeoWebinar&#8221; (pillole geologiche proposte dai docenti), video di escursioni virtuali ed in presenza, videointerviste ai laureati triennale e magistrale con presentazioni del proprio lavoro di tesi ed interviste ai dottorandi, i quali illustreranno il proprio progetto di ricerca. <\/p>\n\n\n\n<p><\/p>\n\n\n\n<p>Guarda la nostra intervista ad Andrea Moccia, geologo divulgatore delle Scienze della Terra e fondatore di GeoPop!<\/p>\n\n\n\n<figure class=\"wp-block-embed is-type-video is-provider-youtube wp-block-embed-youtube wp-embed-aspect-16-9 wp-has-aspect-ratio\"><div class=\"wp-block-embed__wrapper\">\n<iframe loading=\"lazy\" title=\"Corso di Studi in Scienze Geologiche (Georienta). Intervista con Andrea Moccia, fondatore di GeoPop\" width=\"656\" height=\"369\" src=\"https:\/\/www.youtube.com\/embed\/R1Exm3hRybY?feature=oembed\" frameborder=\"0\" allow=\"accelerometer; autoplay; clipboard-write; encrypted-media; gyroscope; picture-in-picture; web-share\" referrerpolicy=\"strict-origin-when-cross-origin\" allowfullscreen><\/iframe>\n<\/div><\/figure>\n\n\n\n<p><\/p>\n\n\n\n<p>Dai un&#8217; occhiata alla nostra pagina Scienze Geologiche &#8211; Unife, cliccando il tasto qui sotto e.. seguici per rimanere sempre informato! <\/p>\n\n\n\n<div class=\"wp-block-buttons is-content-justification-center is-layout-flex wp-block-buttons-is-layout-flex\">\n<div class=\"wp-block-button is-style-fill\"><a class=\"wp-block-button__link\" href=\"https:\/\/www.facebook.com\/scienzegeologicheunife\" target=\"_blank\" rel=\"noreferrer noopener\">Scienze Geologiche &#8211; Unife<\/a><\/div>\n<\/div>\n\n\n\n<hr class=\"wp-block-separator\"\/>\n\n\n\n<h2 class=\"wp-block-heading\"><strong>Seminari di Formazione per Insegnanti<\/strong><\/h2>\n\n\n\n<p>Nell\u2019ambito del progetto PLS Geologia 2021 verranno organizzati seminari di formazione per gli insegnanti delle scuole secondarie di II grado. Il programma comprende incontri multidisciplinari volti a fornire conoscenze in diverse discipline di Geologia innovative per le loro attivit\u00e0 didattiche.<\/p>\n\n\n\n<hr class=\"wp-block-separator\"\/>\n\n\n\n<h2 class=\"wp-block-heading\"><strong>Laboratorio per l&#8217;insegnamento delle scienze di base<\/strong><\/h2>\n\n\n\n<p>In questa azione si intende continuare la progettazione congiunta fra docenti universitari e delle scuole di laboratori in sede, in strutture universitarie e sul terreno, individuando altri soggetti interessati e coinvolgendo anche liberi professionisti e centri di ricerca con visite guidate nei cantieri dove operano i geologi (previa formazione sulla sicurezza nei luoghi di lavoro), laboratori geotecnici e centri di ricerca quali ISMAR e INGV, o in attivit\u00e0 sul terreno di raccolta dati. La progettazione di laboratori sul terreno includeranno tematiche di carattere petrografico- mineralogico, geomorfologico, paleontologico, applicativo e geofisico, e anche di cartografia geologica.<br>Alcuni studenti particolarmente motivati e magari coinvolti nell\u2019attivit\u00e0 di progettazione dei laboratori potranno approfondire le conoscenze geologiche anche tramite stage presso universit\u00e0, musei e studi professionali.<br>Gli studenti coinvolti in questa azione potranno mostrare le attivit\u00e0 svolte in seminari all\u2019interno dell\u2019Universit\u00e0 e creare materiale divulgativo da condividere con altri studenti delle scuole superiori e con gli studenti del primo anno in Scienze Geologiche anche su piattaforme online e nel sito dedicato al PLS; <\/p>\n\n\n\n<p>In questa azione l\u2019obiettivo minimo \u00e8 quello di progettare e realizzare:<\/p>\n\n\n\n<ul class=\"wp-block-list\"><li>Laboratorio geofisico: acquisizione di dati geofisici per \u201cscoprire senza scavare\u201d (gli studenti potrebbero realizzare un semplice sismometro da installare a scuola e fare attivit\u00e0 di acquisizione geofisica nei pressi della propria scuola\/giardino per \u201cscoprire\u201d il sottosuolo che li circonda).<\/li><\/ul>\n\n\n\n<p>Da questa azione ci si aspetta una maggiore consapevolezza delle attivit\u00e0 svolte dal Geologo e in particolare dei vari settori di interesse delle Scienze della Terra, che potrebbe riflettersi in una scelta consapevole e informata per l\u2019iscrizione al nostro corso di laurea. Per gli insegnanti rappresenta un utile strumento di aggiornamento e arricchimento delle proprie conoscenze e che si integra con quanto previsto nell\u2019azione 6.<\/p>\n","protected":false},"excerpt":{"rendered":"<p>Le attivit\u00e0 previste nell\u2019ambito del progetto PLS Geoscienze 2021 consistono nella divulgazione delle Scienze della Terra e dei suoi scienziati al mondo della scuola, principalmente attraverso azioni pubblicitarie su piattaforme digitali quali Facebook ed Instagram sulle quali vengono periodicamente pubblicati seminari tenuti da docenti del corso di studi in Scienze Geologiche, interviste a figure rilevanti [&hellip;]<\/p>\n","protected":false},"author":3,"featured_media":0,"parent":0,"menu_order":0,"comment_status":"closed","ping_status":"closed","template":"","meta":{"footnotes":""},"class_list":["post-715","page","type-page","status-publish","hentry"],"_links":{"self":[{"href":"https:\/\/www.fe.infn.it\/pls_scienzedellaterra\/index.php?rest_route=\/wp\/v2\/pages\/715","targetHints":{"allow":["GET"]}}],"collection":[{"href":"https:\/\/www.fe.infn.it\/pls_scienzedellaterra\/index.php?rest_route=\/wp\/v2\/pages"}],"about":[{"href":"https:\/\/www.fe.infn.it\/pls_scienzedellaterra\/index.php?rest_route=\/wp\/v2\/types\/page"}],"author":[{"embeddable":true,"href":"https:\/\/www.fe.infn.it\/pls_scienzedellaterra\/index.php?rest_route=\/wp\/v2\/users\/3"}],"replies":[{"embeddable":true,"href":"https:\/\/www.fe.infn.it\/pls_scienzedellaterra\/index.php?rest_route=%2Fwp%2Fv2%2Fcomments&post=715"}],"version-history":[{"count":22,"href":"https:\/\/www.fe.infn.it\/pls_scienzedellaterra\/index.php?rest_route=\/wp\/v2\/pages\/715\/revisions"}],"predecessor-version":[{"id":782,"href":"https:\/\/www.fe.infn.it\/pls_scienzedellaterra\/index.php?rest_route=\/wp\/v2\/pages\/715\/revisions\/782"}],"wp:attachment":[{"href":"https:\/\/www.fe.infn.it\/pls_scienzedellaterra\/index.php?rest_route=%2Fwp%2Fv2%2Fmedia&parent=715"}],"curies":[{"name":"wp","href":"https:\/\/api.w.org\/{rel}","templated":true}]}}