{"id":998,"date":"2021-11-19T11:48:21","date_gmt":"2021-11-19T10:48:21","guid":{"rendered":"http:\/\/www.fe.infn.it\/cosmologia\/?page_id=998"},"modified":"2023-12-14T13:57:33","modified_gmt":"2023-12-14T12:57:33","slug":"nicolo-raffuzzi","status":"publish","type":"page","link":"https:\/\/www.fe.infn.it\/cosmologia\/?page_id=998","title":{"rendered":"Nicol\u00f2 Raffuzzi"},"content":{"rendered":"<h1><span style=\"color: #22a1c4;\"><strong>Nicol\u00f2 Raffuzzi<\/strong><\/span><\/h1>\n<p>PhD student<\/p>\n<h4><span style=\"color: #ffffff;\"><strong>III anno (XXXVII ciclo)<\/strong><\/span><\/h4>\n<p><img loading=\"lazy\" decoding=\"async\" class=\"alignnone wp-image-1242 size-medium\" src=\"http:\/\/www.fe.infn.it\/cosmologia\/wp-content\/uploads\/2022\/06\/Nicolo-1.jpeg\" alt=\"Nicol\u00f2 Raffuzzi\" width=\"234\" height=\"300\" srcset=\"https:\/\/www.fe.infn.it\/cosmologia\/wp-content\/uploads\/2022\/06\/Nicolo-1.jpeg 272w, https:\/\/www.fe.infn.it\/cosmologia\/wp-content\/uploads\/2022\/06\/Nicolo-1-234x300.jpeg 234w\" sizes=\"auto, (max-width: 234px) 100vw, 234px\" \/><\/p>\n<p>La ricerca di Nicol\u00f2 si focalizza sulla preparazione di futuri esperimenti volti all&#8217;osservazione della radiazione di fondo cosmico (CMB), come il satellite LiteBIRD. Attraverso la realizzazione di opportuni software, Nicol\u00f2 studia la propagazione di effetti sistematici (come rumore 1\/f o cross-talk) dall&#8217;analisi dei dati ai vincoli sui parametri cosmologici. Nella sua tesi di laurea, Nicol\u00f2 si \u00e8 occupato di studiare la sensibilit\u00e0 di LiteBIRD all&#8217;osservazione di polarizzazione circolare della CMB sfruttando le non-idealit\u00e0 di strumenti ottici previsti nel setup sperimentale di LiteBIRD (half-wave plate).<\/p>\n<p><em><strong>Contatti:<\/strong><\/em><\/p>\n<p>E-mail: <a href=\"mailto:rffnll@unife.it\">rffnll@unife.it<\/a><\/p>\n<p>Ufficio: Blocco C, stanza 429<\/p>\n","protected":false},"excerpt":{"rendered":"<p>Nicol\u00f2 Raffuzzi PhD student III anno (XXXVII ciclo) La ricerca di Nicol\u00f2 si focalizza sulla preparazione di futuri esperimenti volti all&#8217;osservazione della radiazione di fondo cosmico (CMB), come il satellite LiteBIRD. Attraverso la realizzazione di opportuni software, Nicol\u00f2 studia la propagazione di effetti sistematici (come rumore 1\/f o cross-talk) dall&#8217;analisi dei dati ai vincoli sui [&hellip;]<\/p>\n","protected":false},"author":4,"featured_media":0,"parent":0,"menu_order":0,"comment_status":"closed","ping_status":"closed","template":"","meta":{"footnotes":""},"class_list":["post-998","page","type-page","status-publish","hentry"],"_links":{"self":[{"href":"https:\/\/www.fe.infn.it\/cosmologia\/index.php?rest_route=\/wp\/v2\/pages\/998","targetHints":{"allow":["GET"]}}],"collection":[{"href":"https:\/\/www.fe.infn.it\/cosmologia\/index.php?rest_route=\/wp\/v2\/pages"}],"about":[{"href":"https:\/\/www.fe.infn.it\/cosmologia\/index.php?rest_route=\/wp\/v2\/types\/page"}],"author":[{"embeddable":true,"href":"https:\/\/www.fe.infn.it\/cosmologia\/index.php?rest_route=\/wp\/v2\/users\/4"}],"replies":[{"embeddable":true,"href":"https:\/\/www.fe.infn.it\/cosmologia\/index.php?rest_route=%2Fwp%2Fv2%2Fcomments&post=998"}],"version-history":[{"count":8,"href":"https:\/\/www.fe.infn.it\/cosmologia\/index.php?rest_route=\/wp\/v2\/pages\/998\/revisions"}],"predecessor-version":[{"id":2126,"href":"https:\/\/www.fe.infn.it\/cosmologia\/index.php?rest_route=\/wp\/v2\/pages\/998\/revisions\/2126"}],"wp:attachment":[{"href":"https:\/\/www.fe.infn.it\/cosmologia\/index.php?rest_route=%2Fwp%2Fv2%2Fmedia&parent=998"}],"curies":[{"name":"wp","href":"https:\/\/api.w.org\/{rel}","templated":true}]}}