{"id":1082,"date":"2022-05-18T10:47:11","date_gmt":"2022-05-18T08:47:11","guid":{"rendered":"https:\/\/www.fe.infn.it\/cosmologia\/?page_id=1082"},"modified":"2022-11-30T16:43:46","modified_gmt":"2022-11-30T15:43:46","slug":"mario-ballardini","status":"publish","type":"page","link":"https:\/\/www.fe.infn.it\/cosmologia\/?page_id=1082","title":{"rendered":"Mario Ballardini"},"content":{"rendered":"<h1><span style=\"color: #22a1c4;\"><strong>Mario Ballardini<\/strong><\/span><\/h1>\n<h4><span style=\"color: #ffffff;\"><strong>Ricercatore a tempo determinato tipo A<\/strong><\/span><\/h4>\n<p><img loading=\"lazy\" decoding=\"async\" class=\"alignnone size-medium wp-image-26\" src=\"http:\/\/www.fe.infn.it\/cosmologia\/wp-content\/uploads\/2016\/11\/admin-ajax.png\" alt=\"\" width=\"300\" height=\"296\" srcset=\"https:\/\/www.fe.infn.it\/cosmologia\/wp-content\/uploads\/2016\/11\/admin-ajax.png 400w, https:\/\/www.fe.infn.it\/cosmologia\/wp-content\/uploads\/2016\/11\/admin-ajax-300x296.png 300w\" sizes=\"auto, (max-width: 300px) 100vw, 300px\" \/>Posizione lavorativa: Ricercatore TDA &#8211; Universita&#8217; di Ferrara.<\/p>\n<p>Mario Ballardini \u00e8 ricercatore (RTDA) presso l&#8217;Universit\u00e0 di Ferrara. Ha conseguito un dottorato di ricerca in Astronomia presso l&#8217;Universit\u00e0 di Bologna nel 2016, poi si stato postfoc alla Western Cape University (Citt\u00e0 del Capo, ZA) e all&#8217;Universit\u00e0 di Bologna. \u00c8 stato visiting fellow presso la Johns Hopkins University (Baltimora, USA) nel 2018 e ricercatore affiliato presso la Western Cape University tra il 2019 e il 2022.<br \/>\nMario \u00e8 interessato a diversi aspetti delal cosmologia fra cui la teoria, la fenomenologia e l\u2019analisi dei dati. Dal punto di vista dei dati, il suo interesse principale sono le anisotropie del fondo cosmico a micronde (CMB), le struttura su grande scala (LSS) e la loro correlazione. Mario studia la fenomenologia dell&#8217;inflazione cosmica, le features primordiali e le teorie scalar-tensor della gravit\u00e0 attraverso l&#8217;uso di osservazioni cosmologiche e astrofisiche.<br \/>\nMario \u00e8 stato membro come core-team della collaborazione Planck e membro della collaborazione CORE. Attualmente \u00e8 membro della collaborazione Euclid ed e\u2019 attivo nei gruppi di lavoro sulle correlazioni fra CMB e LSS e del gruppo di lavoro teorico. \u00c8 anche membro della collaborazione LiteBIRD nella quale contribuisce agli studi sull&#8217;inflazione cosmica.<\/p>\n<p><em><strong>Contatti<\/strong><\/em>:<\/p>\n<p>Email: <a href=\"mailto:mario.ballardini@unife.it\">mario.ballardini@unife.it<\/a><\/p>\n<p>Ufficio: 421 Blocco C<\/p>\n<p>Telefono:<\/p>\n","protected":false},"excerpt":{"rendered":"<p>Mario Ballardini Ricercatore a tempo determinato tipo A Posizione lavorativa: Ricercatore TDA &#8211; Universita&#8217; di Ferrara. Mario Ballardini \u00e8 ricercatore (RTDA) presso l&#8217;Universit\u00e0 di Ferrara. Ha conseguito un dottorato di ricerca in Astronomia presso l&#8217;Universit\u00e0 di Bologna nel 2016, poi si stato postfoc alla Western Cape University (Citt\u00e0 del Capo, ZA) e all&#8217;Universit\u00e0 di Bologna. [&hellip;]<\/p>\n","protected":false},"author":4,"featured_media":0,"parent":0,"menu_order":0,"comment_status":"closed","ping_status":"closed","template":"","meta":{"footnotes":""},"class_list":["post-1082","page","type-page","status-publish","hentry"],"_links":{"self":[{"href":"https:\/\/www.fe.infn.it\/cosmologia\/index.php?rest_route=\/wp\/v2\/pages\/1082","targetHints":{"allow":["GET"]}}],"collection":[{"href":"https:\/\/www.fe.infn.it\/cosmologia\/index.php?rest_route=\/wp\/v2\/pages"}],"about":[{"href":"https:\/\/www.fe.infn.it\/cosmologia\/index.php?rest_route=\/wp\/v2\/types\/page"}],"author":[{"embeddable":true,"href":"https:\/\/www.fe.infn.it\/cosmologia\/index.php?rest_route=\/wp\/v2\/users\/4"}],"replies":[{"embeddable":true,"href":"https:\/\/www.fe.infn.it\/cosmologia\/index.php?rest_route=%2Fwp%2Fv2%2Fcomments&post=1082"}],"version-history":[{"count":5,"href":"https:\/\/www.fe.infn.it\/cosmologia\/index.php?rest_route=\/wp\/v2\/pages\/1082\/revisions"}],"predecessor-version":[{"id":1724,"href":"https:\/\/www.fe.infn.it\/cosmologia\/index.php?rest_route=\/wp\/v2\/pages\/1082\/revisions\/1724"}],"wp:attachment":[{"href":"https:\/\/www.fe.infn.it\/cosmologia\/index.php?rest_route=%2Fwp%2Fv2%2Fmedia&parent=1082"}],"curies":[{"name":"wp","href":"https:\/\/api.w.org\/{rel}","templated":true}]}}